mposite number?
False
Is 10762 composite?
True
Is 16757 prime?
False
Is 51257 composite?
False
Is 1657 composite?
False
Is 572719 a composite number?
True
Is 772517 composite?
False
Is 4393 a prime number?
False
Is 10897 a composite number?
True
Is 30293 a composite number?
False
Is 196541 a prime number?
True
Is 66773 prime?
False
Is 20021 a composite number?
False
Is 7063 a prime number?
False
Is 722783 prime?
True
Is 68959 composite?
True
Is 2154487 a composite number?
False
Is 13829 composite?
False
Is 311951 composite?
False
Is 1137 composite?
True
Is 518495 prime?
False
Is 810398 prime?
False
Is 2246435 a composite number?
True
Is 720326 a prime number?
False
Is 3719 prime?
True
Is 2409551 prime?
False
Is 70667 a prime number?
True
Is 38163 a prime number?
False
Is 28043 a prime number?
False
Is 84611 composite?
True
Is 103787 a prime number?
True
Is 184897 prime?
False
Is 110117 a composite number?
True
Is 24751 a composite number?
True
Is 25351 a composite number?
True
Is 12841 a composite number?
False
Is 29477 a prime number?
False
Is 1094339 prime?
True
Is 43117 prime?
True
Is 932303 a composite number?
False
Is 7621 a composite number?
False
Is 34211 a composite number?
False
Is 272026 composite?
True
Is 16873 composite?
True
Is 558039 composite?
True
Is 2404321 prime?
False
Is 180479 prime?
False
Is 813601 composite?
False
Is 100967 prime?
False
Is 1364659 prime?
False
Is 113717 prime?
True
Is 43557 composite?
True
Is 48947 prime?
True
Is 46103 a prime number?
True
Is 15421 prime?
False
Is 2827 composite?
True
Is 134119 a composite number?
True
Is 4513 a composite number?
False
Is 6947 a prime number?
True
Is 22497 composite?
True
Is 451 a prime number?
False
Is 38039 composite?
False
Is 1000507 a prime number?
True
Is 42899 a composite number?
False
Is 253303 a composite number?
True
Is 285733 a prime number?
False
Is 2771 composite?
True
Is 551329 composite?
True
Is 446339 a composite number?
True
Is 2159 prime?
False
Is 203251 a prime number?
False
Is 77641 a prime number?
True
Is 2479 a prime number?
False
Is 21313 prime?
True
Is 575311 a composite number?
True
Is 61531 composite?
True
Is 441667 prime?
True
Is 2237 composite?
False
Is 52655 prime?
False
Is 75007 composite?
True
Is 80007 a prime number?
False
Is 245339 a prime number?
True
Is 934001 composite?
False
Is 204299 a composite number?
False
Is 69922 a prime number?
False
Is 41089 prime?
False
Is 52589 composite?
True
Is 4373 composite?
False
Is 133541 prime?
True
Is 642961 a prime number?
False
Is 3089 a prime number?
True
Is 189866 prime?
False
Is 3641 a prime number?
False
Is 1801853 a prime number?
True
Is 15893 composite?
True
Is 927889 prime?
False
Is 277433 a prime number?
False
Is 506213 a prime number?
True
Is 2221 composite?
False
Is 10847 a prime number?
True
Is 86155 a composite number?
True
Is 3877 a prime number?
True
Is 169859 prime?
True
Is 83429 prime?
False
Is 1793 a composite number?
True
Is 789655 a prime number?
False
Is 28027 a prime number?
True
Is 12227 a composite number?
False
Is 483215 a composite number?
True
Is 420027 a prime number?
False
Is 320413 a composite number?
True
Is 10567 a prime number?
True
Is 46831 composite?
False
Is 25331 prime?
False
Is 1141631 a composite number?
False
Is 51 composite?
True
Is 113101 composite?
True
Is 3147 a prime number?
False
Is 18157 a composite number?
True
Is 30047 a composite number?
False
Is 419921 a prime number?
True
Is 73243 a composite number?
False
Is 129083 a composite number?
False
Is 153007 composite?
True
Is 2623 a prime number?
False
Is 15781 a prime number?
False
Is 19207 composite?
False
Is 11855 composite?
True
Is 33827 composite?
False
Is 883 prime?
True
Is 413431 prime?
False
Is 12601 prime?
True
Is 869947 prime?
False
Is 151499 a composite number?
False
Is 53497 a composite number?
True
Is 34851 a composite number?
True
Is 651347 a prime number?
True
Is 11969 composite?
False
Is 718021 a composite number?
True
Is 35069 a composite number?
False
Is 18539 prime?
True
Is 375857 a prime number?
True
Is 306455 a prime number?
False
Is 34337 a composite number?
False
Is 49871 prime?
True
Is 572255 prime?
False
Is 3078137 a prime number?
True
Is 4703 a prime number?
True
Is 3349 composite?
True
Is 16609 a composite number?
True
Is 4506569 prime?
True
Is 2921 composite?
True
Is 1741 a composite number?
False
Is 79309 a prime number?
True
Is 1282483 prime?
False
Is 63221 prime?
False
Is 973151 a composite number?
False
Is 2437 prime?
True
Is 18391 a composite number?
True
Is 58639 prime?
False
Is 43343 a prime number?
False
Is 254489 composite?
False
Is 83047 a composite number?
False
Is 7079 a prime number?
True
Is 1080341 composite?
False
Is 17846 prime?
False
Is 12671 prime?
True
Is 129853 a composite number?
False
Is 105097 a prime number?
True
Is 36827 prime?
False
Is 1409977 a prime number?
True
Is 32069 a prime number?
True
Is 85001 a composite number?
True
Is 1319 a composite number?
False
Is 250421 a composite number?
True
Is 51411 composite?
True
Is 2852297 composite?
True
Is 1797967 composite?
False
Is 91691 prime?
True
Is 208959 prime?
False
Is 37139 a composite number?
False
Is 14347 composite?
False
Is 974687 a composite number?
True
Is 17691 prime?
False
Is 493999 a composite number?
True
Is 1451603 a composite number?
False
Is 36779 a composite number?
False
Is 4489 a prime number?
False
Is 1709 composite?
False
Is 8857 composite?
True
Is 56273 composite?
True
Is 120041 prime?
True
Is 32815 a prime number?
False
Is 1006331 a prime number?
True
Is 259793 a composite number?
True
Is 34637 a prime number?
False
Is 504121 a prime number?
True
Is 26669 prime?
True
Is 14971 a composite number?
True
Is 1471 prime?
True
Is 250547 a composite number?
True
Is 44539 composite?
True
Is 680987 a composite number?
False
Is 389 composite?
False
Is 36791 a composite number?
False
Is 207367 a composite number?
False
Is 2031 a composite number?
True
Is 1385 prime?
False
Is 64265 prime?
False
Is 1381 a composite number?
False
Is 1198 a composite number?
True
Is 22229 a composite number?
False
Is 97459 a prime number?
True
Is 44629 a prime number?
False
Is 141761 prime?
True
Is 109933 prime?
False
Is 673 composite?
False
Is 595135 composite?
True
Is 13997 a prime number?
True
Is 208961 prime?
True
Is 144133 prime?
False
Is 42494 a prime number?
False
Is 928399 composite?
False
Is 171499 prime?
False
Is 764854 composite?
True
Is 3797 a prime number?
True
Is 14257 a composite number?
True
Is 68399 a composite number?
False
Is 39871 a prime number?
False
Is 1339381 a composite number?
False
Is 10118 a prime number?
False
Is 18391 composite?
True
Is 873073 prime?
True
Is 2962 prime?
False
Is 136727 prime?
True
Is 49991 composite?
False
Is 5069 composite?
True
Is 209123 a prime number?
True
Is 4645 a composite number?
True
Is 366139 prime?
True
Is 5939 prime?
True
Is 92867 prime?
True
Is 148793 prime?
True
Is 1165219 a prime number?
False
Is 92921 prime?
True
Is 41891 a composite number?
True
Is 33403 composite?
False
Is 1083001 composite?
True
Is 27901 prime?
True
Is 126213 a composite number?
True
Is 530657 a prime number?
False
Is 243413 a prime number?
False
Is 2899 composite?
True
Is 1622453 composite?
True
Is 1026521 a prime number?
True
Is 280673 composite?
False
Is 1785047 a prime number?
False
Is 6113 a composite number?
False
Is 43671 a prime number?
False
Is 113417 a composite number?
False
Is 53729 a prime number?
False
Is 5557 composite?
False
Is 9661 composite?
False
Is 310691 composite?
True
Is 14519 prime?
True
Is 6287 composite?
False
Is 306989 composite?
True
Is 42061 a prime number?
True
Is 4201 composite?
False
Is 61141 a composite number?
False
Is 707453 a prime number?
False
Is 71913 a composite number?
True
Is 101833 prime?
True
Is 33911 a composite number?
False
Is 43881 a prime number?
False
Is 48417 a prime number?
False
Is 17681 a prime number?
True
Is 787 prime?
True
Is 156301 composite?
True
Is 25814 a composite number?
True
Is 18787 a prime number?
True
Is 1323593 a prime number?
True
Is 8509 a prime number?
False
Is 188813 prime?
False
Is 438031 prime?
False
Is 311 a prime number?
True
Is 1041 prime?
False
Is 73265 a composite number?
True
Is 186551 prime?
True
Is